38/90 + -5 + 49534/30. Let s = b - 908. Is s prime?
True
Let o(g) = 2*g**2 + 1. Suppose -2*d + 28 = -2*y, -d + 4*y - 25 = -6*d. Is o(d) prime?
True
Let u be (-155)/(-20) + 2/8. Let s be (u/5)/(2/(-35)). Is 8/s + 1143/7 composite?
False
Suppose -2*b + 41 = -o + 4*o, -b + 2*o = -10. Suppose 20*n = b*n + 2956. Is n a composite number?
False
Let a = 45 - 28. Suppose -4*y = a - 1629. Is y a composite number?
True
Let r(c) = -1460*c**3 - 7*c**2 + c + 5. Is r(-3) a prime number?
True
Let i be 3/(120/(-32))*5. Let q(m) = -m**2 - 7*m - 7. Let d be q(-6). Is d*(-2)/(i/(-746)) a composite number?
False
Suppose 6*c + 3*b = c + 5152, b = 5*c - 5156. Is c prime?
True
Suppose -2*n = -5*a - 609, -3*a = -3*n + 4*n - 277. Suppose -2*p + n + 322 = 0. Is p a composite number?
False
Suppose -j - 2 = 4*k + 8, -4*j + 44 = -5*k. Suppose -j*d + 490 = -1232. Is d prime?
False
Let x(y) = -y**3 + 3*y**2 + 11*y - 7. Let j be x(5). Is j*8918/(-16) + 2/8 prime?
False
Suppose 3 + 17 = 4*t + 2*b, 0 = 2*b - 8. Suppose -4*n = -3*q + 1183, -t*q + 3*n + 1100 = -79. Is q prime?
True
Suppose -7298 = -9*d + 6517. Is d a composite number?
True
Let w = 8298 + 21295. Is w a composite number?
True
Let q be (-36)/(-8) - 2/(-4). Suppose -235 = 4*u + q*k - 1841, 0 = 5*u - 3*k - 2026. Let m = u - 141. Is m a composite number?
False
Suppose i - 2*u + 10725 = 26903, -4*i - 4*u = -64688. Is i a composite number?
True
Let m(r) = r**3 - 6*r**2 + 5. Let n be m(6). Suppose -3*x = -5*i + 3908, n*i + x = 6*x + 3910. Let y = 280 + i. Is y a prime number?
True
Let r(h) = -542*h - 42. Let n be r(5). Let u = 4599 + n. Is u a prime number?
True
Suppose 5*s - 52933 = r, -5*r = -5*s - 10*r + 52945. Is s composite?
True
Suppose t + 8301 = 5*n, 0 = -3*n + 7*t - 3*t + 4967. Is n a prime number?
False
Suppose q = -3*q - 2*u - 8196, 0 = 5*q + 5*u + 10250. Is q/(-5) - (-9)/(-15) a prime number?
True
Suppose 0 = -2*l + 5*l - 1074. Let h = -203 + l. Suppose -h = -4*x + 3*s, 0 = -0*x - 4*x - 4*s + 120. Is x prime?
False
Suppose 5*t = -3*d + 2*d - 35, 4*d + 164 = 4*t. Let w = -21 - d. Is w a prime number?
True
Suppose 0*t = -3*t - 9324. Is (2 + t/(-9))*(-30)/(-20) composite?
False
Suppose -16092 + 44140 = 8*h. Let w be h/10 + 16/40. Suppose 3*k + w = 5*f, 0 = -8*k + 4*k - 8. Is f composite?
True
Let q be (-1)/(1526/382 - 4). Let o = 498 - q. Is o a prime number?
True
Suppose 21978 = 8*l + l. Suppose -3*d = 3*d - l. Is d composite?
True
Suppose 56*c - 7893 = 47*c. Is c composite?
False
Suppose 47*u - 8396 = -2*g + 42*u, -2*g = 3*u - 8396. Is g prime?
False
Let a be (-2)/(1*2/4). Let f be -7*1 - (-4)/a. Is 298*(16/(-4))/f a prime number?
True
Let b be (-1 + 1)/((-8)/(-4)). Suppose 4*d + b - 12 = 0. Suppose 0 = -2*o - d*f + 506, -4*f + 1696 = 4*o + 676. Is o prime?
False
Suppose -2*d = m - 179, -2*d + 1 = -d. Suppose -2*c = 3*n - c - 197, -3*n = -3*c - m. Suppose z = 51 + n. Is z composite?
True
Suppose 4*z = 15 + 57. Let s be (-4)/18 + 22/z. Is -3 + 50 + s + -2 prime?
False
Let j = -12925 - -25897. Suppose -16*q = -4*q - j. Is q a prime number?
False
Is (4 - (-84)/(-20))*-26115 a prime number?
False
Suppose -42*l - 82372 = -46*l. Is l a prime number?
True
Let s be ((-15)/9)/(3/(-207)). Suppose -3*n = 5*i - 537, -3*n + s = -i - 440. Let v = -117 + n. Is v a prime number?
True
Let w be 7 - 150/22 - 4/22. Suppose 5*o - 4615 = 5*h, w*o = 4*o + 5*h - 3719. Is o prime?
False
Let p(i) = -35*i**3 + 5*i**2 + 4*i + 21. Is p(-6) composite?
True
Let w be (-3)/(1*-1) - (-4 - -2). Suppose 2*j - 2571 = -5*g, -7*j = -w*j + 4. Is g composite?
True
Is 52/(-156)*(0 + -42429) a prime number?
True
Suppose 23*t - 3987837 = -40*t. Is t a composite number?
False
Let a(c) = 224*c**2 - 24*c - 93. Is a(-5) a prime number?
False
Suppose -3*c + 500 = 2*l, 11*l - 767 = 8*l + 4*c. Is l composite?
True
Is (-182345)/(-45) + (-90)/81 prime?
True
Suppose -33 = 5*c - 3. Let y(o) = -23*o - 53. Is y(c) prime?
False
Let h be (-1169)/4 + 12/48. Let b = h + 181. Is b/12*-13*4 prime?
False
Let r = -7 - -12. Let m(g) = 6*g**2 - r*g + 5 - 1 + g - g**3. Is m(3) composite?
False
Suppose -10*x + 22*x = -48. Let g(z) = 31*z**2 + 6*z + 19. Is g(x) prime?
True
Let i(t) = 2*t**2 - 13 - 3*t + t**3 + 0*t**3 - 8*t**2. Let z be ((-6)/1)/((-24)/9 + 2). Is i(z) prime?
False
Suppose 4*y - 5*r - 47856 = 0, 52*y - 35899 = 49*y + 2*r. Is y prime?
True
Let y be (0 - 0)*((-4)/1 + 5). Is 7/(-14)*(-1964 - y) - -3 a composite number?
True
Let l(s) be the third derivative of s**6/20 + s**5/30 - s**4/8 - 8*s**3/3 - 3*s**2. Is l(5) a composite number?
False
Let q(w) be the first derivative of -w**6/120 + w**5/60 + w**4/4 + 3*w**3/2 + 2*w**2 + 1. Let g(z) be the second derivative of q(z). Is g(-4) composite?
True
Suppose 3*j - 70 = 4*j. Let b be 30/j - 25/7. Is (-1 + 75)*b/(-8) a composite number?
False
Let x = -7 + 11. Suppose -x*o - u = -650, -4*o + u = 92 - 746. Is o prime?
True
Let u(c) = c**2 - 3*c + 5. Let r be u(2). Suppose 0 = -z + r*z - 12. Let j(d) = 3*d**2 - 10*d + 14. Is j(z) composite?
True
Let p be 9 - (2 + 1 + 1). Is p - 5 - (-1 + -550) prime?
False
Suppose 6*p = 3*p. Suppose -4*j + j + 3*g - 171 = p, -g + 305 = -5*j. Let v = j - -193. Is v composite?
False
Suppose -13*c + 8395 = -640. Is c a prime number?
False
Suppose -208 = a - 3959. Suppose 2*f - 4*l = 1510, -5*f - 2*l + 0*l + a = 0. Is f a prime number?
True
Suppose -2*i - p + 11 = -21, i - 4*p = -2. Let h be ((-32)/(-10))/(i/140). Suppose 0 = -y + h + 79. Is y a prime number?
False
Let x be 4/(-1 - -2 - -1). Let b(n) = n**2 - 7*n + 9. Let q(s) = s**2. Let w(z) = x*q(z) - b(z). Is w(4) a prime number?
False
Let k(i) = 4*i**2 + i - 1. Let b be k(1). Suppose -5*n - 2370 = 4*h, 4*h - 4*n = -2*n - 2384. Is h/(-4) + b/16 a composite number?
False
Let b(x) be the third derivative of -x**4/8 - x**3 + 9*x**2. Let z be b(-4). Let y(l) = 25*l - 1. Is y(z) composite?
False
Let n be (-2)/(-8) + 2345/28. Let a = n + -74. Is a prime?
False
Let m = 15 - 11. Suppose 2*t - m = 6*t. Is t/(2/(-6)) + 90 a composite number?
True
Let o(r) = 81694*r**3 + 3*r**2 - 7*r + 5. Is o(1) composite?
True
Suppose 0 = -0*b + b, 2*l + 5*b - 4 = 0. Suppose -765 = -d - k, 4*d + l*k = -0*k + 3064. Is d a prime number?
False
Suppose 2*i = -2*i + 980. Suppose -3*a + a = -2*c - 100, 0 = -5*c + 4*a - i. Let w = 14 - c. Is w prime?
True
Let g(c) = 2*c**2 - 6*c + 47. Is g(-37) prime?
False
Let s = 6560 + -12353. Let m = -3644 - s. Is m a prime number?
False
Let x = -70 + 75. Suppose 4*o + 3*h = 1007, x*o = h - 2*h + 1267. Is o composite?
True
Let z be (-6)/(-21) + (-4)/14. Suppose z = -2*u + 521 - 7. Is u prime?
True
Suppose -3*j = j. Suppose 2*d - 5*m + 1 + 1 = j, d + 11 = 5*m. Let z(l) = l**3 - 9*l**2 + 10*l - 5. Is z(d) prime?
False
Suppose 892597 = 32*i - 247147. Is i a composite number?
False
Let k(t) = 12 - 6*t - 6*t**3 + 4*t**2 + t + 2*t. Is k(-5) prime?
True
Let u = -384 - -834. Let p = -311 + u. Is p a composite number?
False
Let w(h) = 2*h + 7. Let r = 30 - 33. Let z be w(r). Let x = 118 + z. Is x a composite number?
True
Let v(g) = -2*g + 7. Let h be v(0). Let d(m) = 45*m**2 - 3*m + 31. Is d(h) composite?
True
Let o be 11/((-165)/(-2230)) + 4/3. Let i(r) = -r**2 - 5*r - 3. Let n be i(-6). Let b = o - n. Is b prime?
False
Suppose -3*k - 5*c - 15 = 0, k + 5*c - 2 = c. Is (((-2456)/(-6))/2)/(k/(-15)) a composite number?
False
Let o = 8 + -6. Suppose p + 5*h = -8, 0 = -p - 2*p - 4*h - o. Suppose 6 = 3*y - p*y. Is y prime?
False
Suppose 3*x = -3*z + 3333, 3*x + 963 = 3*z - 2394. Is z prime?
False
Let v(g) = 57*g - 14. Suppose 29 = -2*x - 5*n, 11 = -0*x - 2*x + n. Let t be 0 + 2 - (x - 0). Is v(t) a prime number?
True
Let c(t) = 5*t**3 - 2*t**2 - 3*t + 2. Let a be c(2). Suppose -5*i - a = 92. Let m = i + 55. Is m a prime number?
True
Let d be 42/28*(-3242)/(-3). Let l be (-4)/10 + 17672/(-20). Let o = l + d. Is o a composite number?
True
Let s = 14 + -8. Let k(j) = -j**3 + 7*j**2 - 4*j - 3. Let b(y) = -y**3 + 8*y**2 - 5*y - 4. Let r(a) = 2*b(a) - 3*k(a). Is r(s) a composite number?
True
Suppose 2*j + 3 = 5*j, -4*n = 4*j + 28. Let d = n - -10. Suppose -4*x + 55 = x + 4*g, d*g - 31 = -3*x. Is x a prime number?
True
Suppose 2*h - 42 = 3*j, j - 4*h + 72 = -4*j. Let a be (-2019)/j + 2/(-8). Suppose -2*f - r = -158, r = 2*f - a + 10. Is f prime?
True
Let j